).
732
Let y(s) = -s**3 - 129*s**2 + 19396*s - 1336. Determine y(-218).
-28
Let k(p) = 208772*p + 626330. Calculate k(-3).
14
Let v(d) = d**2 - 1077*d - 40978. Give v(-37).
240
Let f(o) = -2483*o - 62012. Give f(-25).
63
Let o(r) = 13*r**2 - 49*r - 1077. What is o(9)?
-465
Let a(f) = 3934*f + 172024. Determine a(-44).
-1072
Let g(f) = -3*f**3 + 10*f**2 + 164*f - 731. Calculate g(4).
-107
Let m(v) = -v**3 + 82*v**2 - 850*v + 577. Determine m(70).
-123
Let i(f) = -33*f**3 + 1156*f**2 - 34*f - 261. Give i(35).
-226
Let b(h) = -7764*h + 210912. Calculate b(27).
1284
Let v(p) = -82873*p + 1823212. Determine v(22).
6
Let r(b) = 6*b**3 + b**2 - 23*b + 28. Calculate r(2).
34
Let u(h) = 3953*h - 32689. Determine u(8).
-1065
Let f(j) = -5056*j + 80986. What is f(16)?
90
Let q(a) = -a**3 - 290*a**2 - 104*a - 30157. Calculate q(-290).
3
Let b(p) = -p**3 - 63*p**2 - 805*p + 52. Calculate b(-18).
-38
Let j(o) = -49*o - 241. Give j(4).
-437
Let v(p) = 2*p**3 - 40*p**2 + 92*p - 281. What is v(18)?
79
Let x(c) = -c**2 + 89*c - 17. Determine x(4).
323
Let p(w) = -3005*w - 1126876. What is p(-375)?
-1
Let v(u) = -32279*u - 226229. Give v(-7).
-276
Let m(x) = -7*x**2 + 11763*x + 839523. Determine m(1749).
3
Let m(s) = 5*s**3 + 738*s**2 - 1078*s - 5341. Calculate m(-149).
-126
Let l(a) = -2320792*a - 16245555. Give l(-7).
-11
Let m(r) = -2*r**3 - 21*r**2 + 10*r + 709. What is m(6)?
-419
Let l(g) = 4412*g - 8831. Calculate l(2).
-7
Let d(a) = 1024*a**2 + 138238*a - 257. Calculate d(-135).
13
Let w(d) = -44*d**3 + 2316*d**2 - 1455*d - 80. Calculate w(52).
-28
Let v(o) = -38*o**2 - 424*o - 751. What is v(-8)?
209
Let s(c) = 191*c**2 - 2348*c - 1. Calculate s(12).
-673
Let a(o) = -2*o**3 - 4*o**2 + 6*o + 246. Determine a(-9).
1326
Let p(u) = -149*u**2 - 1536*u - 467. What is p(-10)?
-7
Let o(m) = m**3 + 17*m**2 + 693*m + 3937. What is o(-6)?
175
Let m(d) = -d**3 - 66*d**2 - 196*d - 51. Give m(-63).
390
Let f(i) = i**3 + 52*i**2 - 21522*i + 529. Determine f(-175).
4
Let u(f) = -958*f + 16514. Determine u(17).
228
Let b(p) = -117*p**2 + 637*p + 31853. Calculate b(-14).
3
Let a(m) = 83*m + 1658. Give a(-18).
164
Let z(r) = 62*r**2 - 14258*r - 14752. Determine z(231).
32
Let v(m) = 390*m + 54591. Give v(-145).
-1959
Let v(l) = -28*l**2 - 2882*l + 265. Give v(-103).
59
Let k(a) = -4*a**2 + 118*a + 1963. Give k(-17).
-1199
Let w(c) = -c**3 - 13*c**2 + 585*c + 8226. Calculate w(-15).
-99
Let i(a) = -1314*a + 561. What is i(1)?
-753
Let g(j) = 4*j**2 + 1596*j + 127162. Determine g(-289).
2
Let l(j) = 6*j**2 + 327*j - 2875. Give l(-67).
2150
Let m(j) = 9010*j + 55411. What is m(-6)?
1351
Let l(w) = -w**3 + 243*w**2 - 946*w - 384. Give l(239).
2006
Let s(o) = o**2 + 9437*o - 2700780. Determine s(278).
-10
Let o(s) = s**3 - 5*s**2 + 1304*s - 7831. Calculate o(6).
29
Let g(x) = -24*x**3 + 376*x**2 + 127*x + 18. What is g(16)?
2
Let g(o) = -o**3 + 127*o**2 - 610*o + 20. What is g(122)?
20
Let n(x) = -28837*x - 259574. Give n(-9).
-41
Let w(c) = c**3 + 151*c**2 + 125*c - 3472. Give w(-150).
278
Let b(u) = -27*u**3 + u**2 + 1200*u + 2398. Determine b(-2).
218
Let d(q) = 2*q**3 - 348*q**2 + 6161*q - 148. Determine d(154).
6
Let y(s) = -1307*s**2 - 15743*s - 16. Determine y(-12).
692
Let r(f) = f**2 + 165*f + 5459. What is r(-46)?
-15
Let k(a) = a**3 - 339*a**2 + 20893*a + 157. Determine k(81).
-248
Let p(z) = 3*z**3 + 821*z**2 - 2768*z + 570. What is p(-277)?
16
Let r(m) = 4*m**2 - 169*m - 385. What is r(58)?
3269
Let w(c) = -31130*c + 3268607. Calculate w(105).
-43
Let g(o) = -83*o**2 + 5677*o + 249. Determine g(68).
2493
Let d(k) = -k**3 + 13*k**2 - 36*k + 63. Determine d(7).
105
Let y(k) = 114*k**3 + 1711*k**2 + 13*k - 6. Give y(-15).
24
Let x(a) = 565221*a + 3956519. Give x(-7).
-28
Let q(m) = -249*m - 26912. Calculate q(-108).
-20
Let x(o) = -1370*o - 1167241. Calculate x(-852).
-1
Let d(i) = -10*i**2 + 830*i - 16579. Calculate d(50).
-79
Let h(j) = j**3 + 51*j**2 - 532*j - 35782. Determine h(-45).
308
Let c(t) = -41*t**3 - 3*t**2 + 40*t - 37. Give c(1).
-41
Let d(o) = 41*o**2 + 21739*o + 4750. Calculate d(-530).
-20
Let s(q) = 12*q**2 + 1910*q + 7496. Determine s(-155).
-254
Let z(n) = -5*n**2 - 5633*n - 67383. Give z(-12).
-507
Let d(a) = 13*a**2 + 282*a + 1110. Give d(-4).
190
Let f(t) = -5*t**2 - 154*t + 9479. Calculate f(41).
-5240
Let j(f) = -560563*f + 2242246. What is j(4)?
-6
Let q(m) = 15191*m - 60785. What is q(4)?
-21
Let k(p) = 43*p**3 - 22*p**2 - 80*p + 17. What is k(2)?
113
Let u(q) = 2*q**2 + 31043*q + 186207. Determine u(-6).
21
Let l(o) = 3528*o - 253951. What is l(72)?
65
Let u(r) = r**3 - 137*r**2 - 2954*r + 124. What is u(156)?
1684
Let t(x) = -1611*x - 5712. Determine t(-5).
2343
Let r(d) = d**3 - 390*d**2 + 4568*d - 12023. Determine r(378).
73
Let f(y) = y**2 + 5*y - 870. What is f(-40)?
530
Let t(d) = -1709*d + 56423. Calculate t(33).
26
Let o(n) = -n**3 - 221*n**2 - 684*n - 6536. Give o(-218).
4
Let f(b) = 14*b**2 - 4374*b + 1783. Calculate f(312).
-89
Let i(r) = 53*r - 1413. Calculate i(28).
71
Let l(g) = -780*g + 1683. Determine l(5).
-2217
Let s(t) = t**2 + 192*t - 37159. Determine s(121).
714
Let r(w) = -w**2 - 334*w - 13495. Give r(-287).
-6
Let c(j) = -80*j**2 - 14638*j + 75566. Calculate c(-188).
-10
Let i(g) = g**3 - 20*g**2 + 49*g - 771. Determine i(18).
-537
Let t(b) = 22*b**2 + 516*b - 70. Give t(-24).
218
Let s(w) = w**2 - 66*w + 89. What is s(-29)?
2844
Let g(a) = -a**2 + 250*a - 2217. Calculate g(9).
-48
Let v(a) = -13*a**3 - 326*a**2 - 329*a + 183. What is v(-24)?
15
Let z(x) = -25*x**2 - 17*x + 32. What is z(5)?
-678
Let o(g) = -g**2 - 140*g - 600. What is o(-112)?
2536
Let s(n) = -4*n**2 - 16843*n - 84207. What is s(-5)?
-92
Let n(b) = 116*b - 5779. What is n(54)?
485
Let b(t) = 184860*t + 6285243. What is b(-34)?
3
Let q(r) = 2*r**3 - 80*r**2 + 48*r - 2114. Determine q(40).
-194
Let n(r) = 2*r**2 + 1911*r - 182. Determine n(0).
-182
Let z(a) = 7253*a + 203077. Determine z(-28).
-7
Let c(f) = -305908*f - 1529567. What is c(-5)?
-27
Let a(n) = 15*n**2 - 160*n - 8716. What is a(30)?
-16
Let u(i) = 3335*i - 339835. Calculate u(102).
335
Let n(o) = 751*o + 131773. What is n(-177)?
-1154
Let i(b) = b**3 - 276*b**2 + 1612*b + 2168. Determine i(270).
8
Let i(j) = -6*j**2 - 1397*j + 58362. Give i(-269).
-11
Let u(q) = -92*q**2 - 5894*q - 416. Give u(-64).
-32
Let o(s) = -s**3 - 353*s**2 + 31184*s + 36609. Calculate o(-426).
-27
Let t(k) = k**2 - 402*k - 404. Determine t(-1).
-1
Let r(u) = -14764*u - 502001. Calculate r(-34).
-25
Let q(k) = -k**3 - 5258*k**2 + 148006*k + 58. Calculate q(28).
2
Let r(a) = -3*a**3 - 463*a**2 - 153*a - 185. Calculate r(-154).
-339
Let v(d) = 8045*d + 80458. Determine v(-10).
8
Let j(w) = -w**3 - 44*w**2 - 222*w - 12016. Calculate j(-45).
-1
Let b(f) = 9676*f + 14030204. Calculate b(-1450).
4
Let f(d) = 16*d**3 + 112*d**2 + 371*d + 17. Calculate f(-3).
-520
Let l(o) = 3*o**3 + 7*o**2 + 25*o + 96. Determine l(-6).
-450
Let k(j) = -j**3 - 25*j**2 - 135*j + 54. What is k(-9)?
-27
Let d(h) = -h**3 - 112*h**2 + 140*h + 3058. Determine d(-113).
7
Let v(a) = 12*a**3 - 756*a**2 + 6*a - 363. What is v(63)?
15
Let v(z) = -5*z**3 - 92*z**2 - 501*z + 111. What is v(-11)?
1145
Let o(a) = -2505*a - 1257521. Calculate o(-502).
-11
Let a(r) = -32116*r + 706547. What is a(22)?
-5
Let k(b) = -62*b**2 + 2309*b - 416. Give k(37).
139
Let x(c) = 5*c**3 - 1010*c**2 - 8424*c - 199. Calculate x(-8).
-7
Let o(a) = -72762*a - 145491. Determine o(-2).
33
Let z(n) = -318*n**2 + 1576*n - 1214. What is z(4)?
2
Let j(p) = 8683*p - 9568670. What is j(1102)?
-4
Let n(p) = 479*p**2 + 2896*p + 127. Determine n(-6).
-5
Let w(s) = 104*s**2 - 13206*s - 195. What is w(127)?
59
Let f(a) = -a**2 + 62*a - 916. What is f(39)?
-19
Let x(v) = -2449*v + 4889. Give x(2).
-9
Let n(z) = -2*z**3 - 122*z**2 + 2706*z + 160085. What is n(-62)?
1
Let p(j) = -216*j - 14667. Give p(-69).
237
Let t(m) = -350*m - 2859. What is t(-16)?
2741
Let d(k) = 10*k**2 + 97*k - 168. Give d(-21).
2205
Let j(w) = 2*w**3 + 20*w**2 + 18*w - 45. Determine j(-12).
-837
Let q(k) = 148470*k - 1336240. Determine q(9).
-10
Let l(v) = 186*v + 8748. Calculate l(-46).
192
Let d(s) = 2*s**2 - 8827*s + 26471. Calculate d(3).
8
Let b(f) = f**3 - 454*f**2 - 145626*f - 4123. Calculate b(-217).
0
L